mon factor of 537 and 226256.
179
Calculate the greatest common factor of 7252 and 77812.
196
What is the greatest common factor of 418 and 968?
22
What is the greatest common factor of 13176 and 8?
8
Calculate the highest common divisor of 582 and 131726.
194
Calculate the greatest common divisor of 8041 and 3773.
11
What is the highest common divisor of 86628 and 24?
12
What is the highest common factor of 30652 and 776?
388
Calculate the greatest common divisor of 240 and 2351640.
120
Calculate the highest common divisor of 2576 and 1708.
28
Calculate the greatest common factor of 4134 and 35616.
318
What is the greatest common divisor of 4 and 43612?
4
What is the greatest common factor of 176904 and 455?
91
Calculate the greatest common divisor of 1060 and 20564.
212
What is the highest common divisor of 371040 and 1440?
480
Calculate the greatest common divisor of 783790 and 7.
7
Calculate the highest common factor of 169 and 8828053.
169
Calculate the greatest common factor of 1921 and 86671.
113
Calculate the greatest common factor of 553440 and 130.
10
Calculate the greatest common factor of 24510 and 4750.
190
Calculate the highest common divisor of 132 and 26334.
66
Calculate the greatest common factor of 107259 and 9.
3
Calculate the highest common factor of 90 and 57990.
30
Calculate the greatest common factor of 82310 and 30.
10
What is the highest common factor of 118031 and 477?
53
Calculate the highest common divisor of 730275 and 1875.
75
What is the highest common divisor of 43620 and 3300?
60
Calculate the greatest common divisor of 1246716 and 36.
36
What is the greatest common divisor of 772 and 965?
193
Calculate the highest common divisor of 3976 and 616.
56
What is the greatest common divisor of 184097 and 7718?
227
What is the highest common divisor of 1242 and 91134?
18
What is the highest common divisor of 43560 and 36630?
990
Calculate the greatest common divisor of 5024 and 2826.
314
Calculate the greatest common factor of 3424 and 14338.
214
Calculate the greatest common divisor of 261855 and 143.
11
What is the highest common divisor of 5031 and 2088?
9
Calculate the highest common factor of 64860 and 120.
60
What is the greatest common divisor of 152 and 214738?
38
What is the highest common factor of 63 and 334341?
63
Calculate the highest common factor of 138448 and 816.
272
What is the highest common divisor of 72556 and 1164?
388
What is the highest common divisor of 435393 and 21?
21
What is the greatest common divisor of 845 and 199420?
845
What is the greatest common factor of 104005 and 44?
11
Calculate the greatest common factor of 23698 and 59204.
82
Calculate the greatest common divisor of 61726 and 21.
7
Calculate the greatest common divisor of 5432 and 1792.
56
What is the greatest common factor of 396 and 76164?
132
Calculate the greatest common divisor of 8538383 and 7.
7
What is the greatest common factor of 384 and 106208?
32
What is the greatest common divisor of 9331 and 3311?
301
Calculate the greatest common factor of 17816 and 393.
131
Calculate the greatest common factor of 1796 and 7.
1
What is the highest common divisor of 10 and 108070?
10
Calculate the highest common factor of 557 and 1535.
1
Calculate the greatest common factor of 22 and 7580243.
11
Calculate the greatest common factor of 3 and 3760.
1
Calculate the greatest common divisor of 2848 and 48149.
89
Calculate the highest common divisor of 27695 and 1015.
145
Calculate the highest common divisor of 3010 and 7460.
10
Calculate the highest common factor of 8325 and 25.
25
What is the highest common factor of 664 and 1131124?
332
What is the greatest common factor of 51150 and 31020?
330
Calculate the greatest common factor of 12446 and 2032.
254
Calculate the greatest common divisor of 3 and 4659.
3
What is the greatest common factor of 276 and 989?
23
Calculate the highest common factor of 12 and 5667390.
6
What is the highest common factor of 510951 and 84?
21
What is the greatest common factor of 185479 and 7?
7
What is the greatest common factor of 3077 and 2720?
17
Calculate the highest common factor of 279389 and 297.
11
What is the greatest common divisor of 3556 and 116?
4
Calculate the highest common divisor of 70375 and 425.
25
What is the highest common divisor of 13581 and 405?
27
Calculate the greatest common divisor of 720 and 72882.
18
What is the highest common factor of 50 and 1975675?
25
Calculate the highest common factor of 346 and 2044341.
173
What is the highest common divisor of 37320 and 18?
6
What is the greatest common divisor of 66481 and 2071?
19
Calculate the greatest common factor of 2247632 and 16.
16
Calculate the greatest common factor of 454575 and 101935.
2755
What is the greatest common divisor of 1188 and 189948?
132
What is the greatest common divisor of 20208 and 2448?
48
What is the greatest common divisor of 2299 and 10241?
209
What is the greatest common factor of 34435 and 3195?
355
Calculate the highest common divisor of 8239 and 3388.
77
Calculate the highest common divisor of 45431 and 6335.
181
What is the greatest common divisor of 5428 and 17700?
236
Calculate the highest common factor of 443680 and 32096.
1888
Calculate the greatest common divisor of 315060 and 1062.
354
What is the highest common factor of 5456 and 14528?
16
Calculate the highest common factor of 8084 and 2064.
172
Calculate the greatest common factor of 410 and 32150.
10
What is the greatest common divisor of 61 and 113?
1
Calculate the highest common factor of 796 and 14888.
4
Calculate the greatest common factor of 9225 and 5868.
9
What is the highest common divisor of 3665 and 865?
5
Calculate the highest common divisor of 284 and 243388.
284
Calculate the greatest common factor of 96 and 6630.
6
What is the highest common divisor of 11248 and 2072?
296
What is the highest common factor of 9313 and 417?
139
What is the highest common divisor of 1988280 and 315?
315
Calculate the greatest common divisor of 32 and 488.
8
What is the highest common factor of 444 and 3165498?
222
What is the greatest common divisor of 2 and 18580?
2
What is the greatest common divisor of 3313926 and 66?
66
What is the greatest common divisor of 3564 and 30778?
22
What is the highest common divisor of 19809 and 465?
93
Calculate the highest common factor of 4380 and 4236.
12
What is the greatest common divisor of 900363 and 9039?
393
Calculate the highest common factor of 26078 and 26.
26
Calculate the highest common factor of 93 and 180141.
93
Calculate the greatest common divisor of 658 and 21056.
658
Calculate the highest common divisor of 292 and 1533.
73
Calculate the greatest common factor of 15 and 54415.
5
Calculate the highest common factor of 14287 and 3140.
157
Calculate the greatest common divisor of 26 and 218114.
26
Calculate the greatest common divisor of 193 and 60409.
193
What is the greatest common divisor of 430 and 32938?
86
Calculate the greatest common factor of 556 and 72836.
556
What is the greatest common divisor of 400940 and 10?
10
What is the greatest common factor of 23755 and 1495?
5
Calculate the greatest common factor of 6348 and 2553.
69
Calculate the greatest common factor of 134508 and 528.
132
Calculate the greatest common divisor of 1890 and 2730510.
270
What is the highest common factor of 1494 and 282117?
249
Calculate the highest common divisor of 91776 and 864.
96
What is the greatest common factor of 120 and 8980?
20
What is the greatest common divisor of 2256489 and 18?
9
What is the highest common divisor of 11976 and 408182?
998
What is the greatest common divisor of 6 and 11385?
3
Calculate the highest common divisor of 142133 and 89.
89
What is the greatest common factor of 379 and 3852914?
379
Calculate the greatest common factor of 3368 and 16.
8
Calculate the highest common factor of 1024023 and 31.
31
What is the greatest common factor of 23959 and 5681?
247
What is the highest common divisor of 3358 and 82?
2
Calculate the highest common factor of 77 and 219681.
77
What is the highest common divisor of 1890 and 1386?
126
Calculate the highest common factor of 3099828 and 12.
12
What is the greatest common factor of 8782 and 34?
2
Calculate the greatest common divisor of